{"id":6914,"date":"2023-03-02T22:32:35","date_gmt":"2023-03-02T22:32:35","guid":{"rendered":"http:\/\/neu.teamhcstrache.at\/?page_id=6914"},"modified":"2023-03-04T10:06:49","modified_gmt":"2023-03-04T10:06:49","slug":"datenschutz","status":"publish","type":"page","link":"https:\/\/teamhcstrache.at\/index.php\/datenschutz\/","title":{"rendered":"Datenschutz"},"content":{"rendered":"<p>[vc_row][vc_column]<h4 class=\"grve-element grve-title grve-align-left grve-animated-item grve-fadeInLeft grve-h4\" style=\"\" data-delay=\"200\"><span>Datenschutz<span class=\"grve-title-line grve-bg-primary-2\" style=\"width: 50px;height: 4px;\"><\/span><\/span><\/h4>[vc_column_text]Wir haben diese Datenschutzerkl\u00e4rung verfasst, um Ihnen gem\u00e4\u00df den Vorgaben der EU-Datenschutz-Grundverordnung zu erkl\u00e4ren, welche Informationen wir sammeln, wie wir Daten verwenden und welche Entscheidungsm\u00f6glichkeiten Sie als Besucher dieser Webseite haben.<br \/>\nLeider liegt es in der Natur der Sache, dass diese Erkl\u00e4rungen sehr technisch klingen. Wir haben uns bei der Erstellung jedoch bem\u00fcht, die wichtigsten Dinge so einfach und klar wie m\u00f6glich zu beschreiben.<\/p>\n<p><strong>Automatische Datenspeicherung<\/strong><br \/>\nWenn Sie heutzutage Webseiten besuchen, werden gewisse Informationen automatisch erstellt und gespeichert, so auch auf dieser Webseite. Wenn Sie unsere Webseite so wie jetzt gerade besuchen, speichert unser Webserver (Computer auf dem diese Webseite gespeichert ist) automatisch Daten wie die IP-Adresse Ihres Ger\u00e4tes, die Adressen der besuchten Unterseiten, Details zu Ihrem Browser (z.B. Chrome, Firefox, Edge, \u2026) und Datum sowie Uhrzeit. Wir nutzen diese Daten nicht und geben Sie in der Regel nicht weiter, k\u00f6nnen jedoch nicht ausschlie\u00dfen, dass diese Daten beim Vorliegen von rechtswidrigem Verhalten eingesehen werden.<\/p>\n<p><strong>Speicherung pers\u00f6nlicher Daten<\/strong><br \/>\nPers\u00f6nliche Daten, die Sie uns auf dieser Website elektronisch \u00fcbermitteln, wie zum Beispiel Name, E-Mail-Adresse, Adresse oder andere pers\u00f6nlichen Angaben im Rahmen der \u00dcbermittlung eines Formulars oder Kommentaren, werden von uns gemeinsam mit dem Zeitpunkt und der IP-Adresse nur zum jeweils angegebenen Zweck verwendet, sicher verwahrt und nicht an externe Dritte au\u00dfer Teil-, Partner- oder Unterorganisationen des Seitenbetreibers weitergegeben. Wir nutzen Ihre pers\u00f6nlichen Daten somit nur f\u00fcr die Kommunikation mit jenen Besuchern, die Kontakt ausdr\u00fccklich w\u00fcnschen und f\u00fcr die Abwicklung der auf dieser Webseite angebotenen Dienstleistungen und Produkte. Wir geben Ihre pers\u00f6nlichen Daten ohne Zustimmung nicht weiter, k\u00f6nnen jedoch nicht ausschlie\u00dfen, dass diese Daten beim Vorliegen von rechtswidrigem Verhalten eingesehen werden. Wenn Sie uns pers\u00f6nliche Daten per E-Mail schicken \u2013 somit abseits dieser Webseite \u2013 k\u00f6nnen wir keine sichere \u00dcbertragung und den Schutz Ihrer Daten garantieren. Wir empfehlen Ihnen, vertrauliche Daten niemals unverschl\u00fcsselt per E-Mail zu \u00fcbermitteln.<\/p>\n<p><strong>Ihre Rechte<\/strong><br \/>\nIhnen stehen grunds\u00e4tzlich die Rechte auf Auskunft, Berichtigung, L\u00f6schung, Einschr\u00e4nkung, Daten\u00fcbertragbarkeit, Widerruf und Widerspruch zu. Wenn Sie glauben, dass die Verarbeitung Ihrer Daten gegen das Datenschutzrecht verst\u00f6\u00dft oder Ihre datenschutzrechtlichen Anspr\u00fcche sonst in einer Weise verletzt worden sind, k\u00f6nnen Sie sich bei der Aufsichtsbeh\u00f6rde beschweren. In \u00d6sterreich ist dies die Datenschutzbeh\u00f6rde, deren Webseiten Sie unter https:\/\/www.dsb.gv.at\/ finden.<\/p>\n<p><strong>TLS-Verschl\u00fcsselung mit https<\/strong><br \/>\nWir verwenden https um Daten abh\u00f6rsicher im Internet zu \u00fcbertragen. Durch den Einsatz von TLS (Transport Layer Security), einem Verschl\u00fcsselungsprotokoll zur sicheren Daten\u00fcbertragung im Internet k\u00f6nnen wir den Schutz vertraulicher Daten sicherstellen. Sie erkennen die Benutzung dieser Absicherung der Daten\u00fcbertragung am kleinen Schlosssymbol links oben im Browser und der Verwendung des Schemas https als Teil unserer Internetadresse.<\/p>\n<p><strong>Cookies<\/strong><br \/>\nUnsere Website verwendet HTTP-Cookies, um nutzerspezifische Daten zu speichern. Ein Cookie ist ein kurzes Datenpaket, welches zwischen Webbrowser und Webserver ausgetauscht wird, f\u00fcr diese aber v\u00f6llig bedeutungslos ist und erst f\u00fcr die Webanwendung, z.B. einen Online-Shop, eine Bedeutung erh\u00e4lt, etwa den Inhalt eines virtuellen Warenkorbes. Es gibt zwei Arten von Cookies: Erstanbieter-Cookies werden von unserer Website erstellt, Drittanbieter-Cookies werden von anderen Websites (z.B. Google Analytics) erstellt. Man unterscheidet drei Kategorien von Cookies: unbedingt notwendige Cookies um grundlegende Funktionen der Website sicherzustellen, funktionelle Cookies um die Leistung der Webseite sicherzustellen und zielorientierte Cookies um das Benutzererlebnis zu verbessern. Wir nutzen Cookies in erster Linie, um unsere Webseite nutzerfreundlicher zu gestalten. Einige Cookies bleiben auf Ihrem Endger\u00e4t gespeichert, bis Sie diese l\u00f6schen. Sie erm\u00f6glichen es uns, Ihren Browser beim n\u00e4chsten Besuch wiederzuerkennen. Wenn Sie dies nicht w\u00fcnschen, so k\u00f6nnen Sie Ihren Browser so einrichten, dass er Sie \u00fcber das Setzen von Cookies informiert und Sie dies nur im Einzelfall erlauben. Sie k\u00f6nnen jederzeit Cookies, die sich bereits auf Ihrem Computer befinden, l\u00f6schen oder Cookies deaktivieren. Die Vorgangsweise dazu ist je nach Browser unterschiedlich. Am besten Sie suchen die Anleitung in Google mit dem Suchbegriff \u201ecookies l\u00f6schen chrome\u201c oder \u201ecookies deaktivieren chrome\u201c im Falle eines Chrome Browsers oder tauschen das Wort \u201echrome\u201c gegen den Namen Ihres Browsers aus. Wenn Sie uns generell nicht gestatten, Cookies zu nutzen, d.h. diese per Browsereinstellung deaktivieren, k\u00f6nnen manche Funktionen und Seiten nicht wie erwartet funktionieren.<\/p>\n<p><strong>Newsletter<\/strong><br \/>\nWenn Sie sich f\u00fcr unseren Newsletter o.\u00e4. eintragen, \u00fcbermitteln Sie die oben genannten pers\u00f6nlichen Daten und geben uns das Recht, Sie per E-Mail o.\u00e4. zu kontaktieren. Die im Rahmen der Anmeldung zum Newsletter gespeicherten Daten nutzen wir ausschlie\u00dflich f\u00fcr unseren Newsletter und geben diese nicht weiter &#8211; au\u00dfer an Teil-, Partner- oder Unterorganisationen des Seitenbetreibers. Sollten Sie sich vom Newsletter abmelden \u2013 Sie finden den Link daf\u00fcr in jedem Newsletter ganz unten \u2013 dann l\u00f6schen wir alle Daten, die mit der Anmeldung zum Newsletter gespeichert wurden.<\/p>\n<p><strong>Google Maps Datenschutzerkl\u00e4rung<\/strong><br \/>\nWir verwenden Google Maps der Firma Google Inc. (1600 Amphitheatre Parkway Mountain View, CA 94043, USA) auf unserer Webseite. Durch die Nutzung der Funktionen dieser Karte werden Daten an Google \u00fcbertragen. Welche Daten von Google erfasst werden und wof\u00fcr diese Daten verwendet werden, k\u00f6nnen Sie auf https:\/\/www.google.com\/intl\/de\/policies\/privacy\/ nachlesen.<\/p>\n<p><strong>Google Analytics Datenschutzerkl\u00e4rung<\/strong><br \/>\nWir verwenden auf dieser Webseite Google Analytics der Firma Google Inc. (1600 Amphitheatre Parkway Mountain View, CA 94043, USA), um Besucherdaten statistisch auszuwerten. Dabei verwendet Google Analytics zielorientierte Cookies. N\u00e4here Informationen zu Nutzungsbedingungen und Datenschutz finden Sie unter https:\/\/www.google.com\/analytics\/terms\/de.html bzw. unter https:\/\/support.google.com\/analytics\/answer\/6004245?hl=de.<\/p>\n<p><strong>Pseudonymisierung<\/strong><br \/>\nUnser Anliegen im Sinne der DSGVO ist die Verbesserung unseres Angebotes und unseres Webauftritts. Da uns die Privatsph\u00e4re unserer Nutzer wichtig ist, werden die Nutzerdaten (teilweise) pseudonymisiert. Die Datenverarbeitung erfolgt auf Basis der gesetzlichen Bestimmungen des \u00a7 96 Abs 3 TKG sowie des Art 6 EU-DSGVO Abs 1 lit a (Einwilligung) und\/oder f (berechtigtes Interesse) der DSGVO.<\/p>\n<p><strong>Deaktivierung der Datenerfassung durch Google Analytics<\/strong><br \/>\nMithilfe des Browser-Add-ons zur Deaktivierung von Google Analytics-JavaScript (ga.js, analytics.js, dc.js) k\u00f6nnen Website-Besucher verhindern, dass Google Analytics ihre Daten verwendet. Sie k\u00f6nnen die Erfassung der durch das Cookie erzeugten und auf Ihre Nutzung der Website bezogenen Daten an Google sowie die Verarbeitung dieser Daten durch Google verhindern, indem Sie das unter dem folgenden Link verf\u00fcgbare Browser-Plugin herunterladen und installieren: https:\/\/tools.google.com\/dlpage\/gaoptout?hl=de.<\/p>\n<p><strong>Google Analytics IP-Anonymisierung<\/strong><br \/>\nWir haben auf dieser Webseite die IP-Adressen-Anonymisierung von Google Analytics implementiert. Diese Funktion wurde von Google entwickelt, damit diese Webseite die geltenden Datenschutzbestimmungen und Empfehlungen der lokalen Datenschutzbeh\u00f6rden einhalten kann, wenn diese eine Speicherung der vollst\u00e4ndigen IP-Adresse untersagen. Die Anonymisierung bzw. Maskierung der IP findet statt, sobald die IP-Adressen im Google Analytics-Datenerfassungsnetzwerk eintreffen und bevor eine Speicherung oder Verarbeitung der Daten stattfindet.<br \/>\nMehr Informationen zur IP-Anonymisierung finden Sie auf https:\/\/support.google.com\/analytics\/answer\/2763052?hl=de.<\/p>\n<p><strong>Google Analytics Berichte zu demografischen Merkmalen und Interessen<\/strong><br \/>\nWir haben in Google Analytics die Funktionen f\u00fcr Werbeberichte eingeschaltet. Die Berichte zu demografischen Merkmalen und Interessen enthalten Angaben zu Alter, Geschlecht und Interessen. Damit k\u00f6nnen wir uns \u2013 ohne diese Daten einzelnen Personen zuordnen zu k\u00f6nnen \u2013 ein besseres Bild von unseren Nutzern machen. Mehr \u00fcber die Werbefunktionen erfahren Sie<br \/>\nauf https:\/\/support.google.com\/analytics\/answer\/3450482?hl=de_AT&amp;utm_id=ad.<br \/>\nSie k\u00f6nnen die Nutzung der Aktivit\u00e4ten und Informationen Ihres Google Kontos unter \u201cEinstellungen f\u00fcr Werbung\u201d auf https:\/\/adssettings.google.com\/authenticated per Checkbox beenden.<\/p>\n<p><strong>Google Fonts Datenschutzerkl\u00e4rung<\/strong><br \/>\nWir verwenden Google Fonts der Firma Google Inc. (1600 Amphitheatre Parkway Mountain View, CA 94043, USA) auf unserer Webseite. Die Verwendung von Google Fonts erfolgt ohne Authentisierung und es werden keine Cookies and die Google Fonts API gesendet. Sollten Sie ein Konto bei Google haben, werden keine Ihrer Google-Kontodaten an Google w\u00e4hrend der Nutzung von Google Fonts \u00fcbermittelt. Google erfasst lediglich die Nutzung von CSS und der verwendeten Fonts und speichert diese Daten sicher. Mehr zu diesen und weiteren Fragen finden Sie auf https:\/\/developers.google.com\/fonts\/faq.<br \/>\nWelche Daten von Google erfasst werden und wof\u00fcr diese Daten verwendet werden, k\u00f6nnen Sie auf https:\/\/www.google.com\/intl\/de\/policies\/privacy\/ nachlesen.<\/p>\n<p><strong>Facebook Datenschutzerkl\u00e4rung<\/strong><br \/>\nWir verwenden auf dieser Webseite Funktionen von Facebook, einem Social Media Network der FIrma Facebook Ireland Ltd., 4 Grand Canal Square, Grand Canal Harbour, Dublin 2 Ireland. Welche Funktionen (Soziale Plug-ins) Facebook bereitstellt, k\u00f6nnen Sie auf https:\/\/developers.facebook.com\/docs\/plugins\/ nachlesen.<br \/>\nDurch den Besuch unserer Webseite k\u00f6nnen Informationen an Facebook \u00fcbermittelt werden. Wenn Sie \u00fcber ein Facebook-Konto verf\u00fcgen, kann Facebook diese Daten Ihrem pers\u00f6nlichen Konto zuordnen. Sollten Sie das nicht w\u00fcnschen, melden Sie sich bitte von Facebook ab.<br \/>\nDie Datenschutzrichtlinien, welche Informationen Facebook sammelt und wie sie diese verwenden finden Sie auf https:\/\/www.facebook.com\/policy.php.<\/p>\n<p><strong>YouTube Datenschutzerkl\u00e4rung<\/strong><br \/>\nWir verwenden auf dieser Seite des Videodienstes YouTube, der Firma YouTube, LLC, 901 Cherry Ave., San Bruno, CA 94066, USA. Durch das Aufrufen von Seiten unserer Webseite, die YouTube Videos integriert haben, werden Daten an YouTube \u00fcbertragen, gespeichert und ausgewertet. Sollten Sie ein YouTube-Konto haben und angemeldet sein, werden diese Daten Ihrem pers\u00f6nlichen Konto und den darin gespeicherten Daten zugeordnet. Welche Daten von Google erfasst werden und wof\u00fcr diese Daten verwendet werden, k\u00f6nnen Sie auf https:\/\/www.google.com\/intl\/de\/policies\/privacy\/ nachlesen.<\/p>\n<p><strong>Twitter Datenschutzerkl\u00e4rung<\/strong><br \/>\nWir verwenden auf dieser Webseite Funktionen von Twitter, einem Social Network der Firma Twitter International Company, One Cumberland Place, Fenian Street, Dublin 2 D02 AX07, Irland.<br \/>\nDadurch k\u00f6nnen auch personenbezogene Daten an Twitter \u00fcbertragen werden. Wir \u00fcberwachen diesen Datenaustausch nicht und speichern nichts dar\u00fcber. Wenn Sie mehr \u00fcber die Nutzung Ihrer Daten durch Twitter wissen m\u00f6chten, finden Sie alle Informationen in der Twitter Datenschutzrichtline auf https:\/\/twitter.com\/de\/privacy.<br \/>\nSollten Sie ein Konto bei Twitter haben, k\u00f6nnen Sie Ihre Datenschutzeinstellungen in den Konto- Einstellungen unter https:\/\/twitter.com\/settings\/account \u00e4ndern.<\/p>\n<p><strong>Google+ Datenschutzerkl\u00e4rung<\/strong><br \/>\nWir nutzen auf unserer Webseite Funktionen von Google+, dem Social Network der Firma Google Inc. (1600 Amphitheatre Parkway Mountain View, CA 94043, USA).<br \/>\nWenn Sie die angebotenen Funktionen voll nutzen m\u00f6chten, ben\u00f6tigen Sie ein Google Konto.<br \/>\nAuch bei der Nutzung der Funktionen (Google +1 Buttons, Google+ Badge, Follow button, Google+ Share button und Link, Sign-In Button, Hangout Button) ohne Google Konto werden bereits Informationen an Google \u00fcbermittelt. Wenn Sie mit Ihrem Google Konto w\u00e4hrend der Nutzung der oben angef\u00fchrten Funktionen angemeldet sind, werden Ihre Daten je nach Einstellung auf https:\/\/plus.google.com\/settings\/ weltweit ver\u00f6ffentlicht und von Google gesammelt und ausgewertet.<br \/>\nWelche Daten von Google erfasst werden und wof\u00fcr diese Daten verwendet werden, k\u00f6nnen Sie auf https:\/\/www.google.com\/intl\/de\/policies\/privacy\/ nachlesen.<\/p>\n<p><strong>Instagram Datenschutzerkl\u00e4rung<\/strong><br \/>\nWir verwenden auf unserer Webseite Funktionen des Social Media Netzwerks Instagram der Firma Instagram LLC, 1601 Willow Rd, Menlo Park CA 94025, USA. Mit den Funktionen zum Einbetten von Instagram-Inhalten (Embed-Funktion) k\u00f6nnen wir Bilder und Videos anzeigen.<br \/>\nDurch den Aufruf von Seiten die solche Funktionen nutzen werden Daten (IP-Adresse, Browserdaten, Datum und Zeitpunkt, Cookies) an Instagram \u00fcbermittelt, gespeichert und ausgewertet. Sollten Sie ein Instagram-Konto haben und angemeldet sein, werden diese Daten Ihrem pers\u00f6nlichen Konto und den darin gespeicherten Daten zugeordnet.<br \/>\nDie Datenschutzrichtlinien, welche Informationen Instagram sammelt und wie sie diese verwenden finden Sie auf https:\/\/help.instagram.com\/155833707900388.<\/p>\n<p><strong>Facebook-Pixel Datenschutzerkl\u00e4rung<\/strong><br \/>\nWir verwenden auf dieser Webseite das Facebook Pixel von Facebook, einem Social Media Network der Firma Facebook Ireland Ltd., 4 Grand Canal Square, Grand Canal Harbour, Dublin 2 Ireland. Der auf dieser Seite implementierte Code kann das Verhalten der Besucher auswerten, welche von einer Facebook-Werbung auf diese Webseite gelangt sind. Dies kann zur Verbesserung von Facebook-Werbeanzeigen genutzt werden und diese Daten werden von Facebook erfasst und gespeichert. Die erfassten Daten sind f\u00fcr uns nicht einsehbar, sondern nur im Rahmen von Werbeanzeigenschaltungen nutzbar. Durch den Einsatz des Facebook-Pixel-Codes werden auch Cookies gesetzt. Durch die Nutzung des Facebook-Pixels wird der Besuch dieser Webseite Facebook mitgeteilt, damit Besucher auf Facebook passende Anzeigen zu sehen bekommen. Wenn Sie ein Facebook-Konto besitzen und angemeldet sind, wird der Besuch dieser Webseite Ihrem Facebook-Benutzerkonto zugeordnet.<br \/>\nWie das Facebook-Pixel f\u00fcr Werbekampagnen genutzt wird, erfahren Sie auf https:\/\/www.facebook.com\/business\/learn\/facebook-ads-pixel.<br \/>\nSie k\u00f6nnen Ihre Einstellungen f\u00fcr Werbeanzeigen in Facebook auf https:\/\/www.facebook.com\/ads\/preferences\/?entry_product=ad_settings_screen ver\u00e4ndern, sofern Sie in Facebook angemeldet sind. Auf https:\/\/www.youronlinechoices.com\/de\/praferenzmanagement\/ k\u00f6nnen Sie Ihre Pr\u00e4ferenzen hinsichtlich nutzungsbasierter Online-Werbung verwalten. Sie k\u00f6nnen dort viele Anbieter auf einmal deaktivieren oder aktivieren oder die Einstellungen f\u00fcr einzelne Anbieter vornehmen.<br \/>\nMehr Informationen zur Datenrichtlinie von Facebook finden Sie auf https:\/\/www.facebook.com\/policy.php.<\/p>\n<p><strong>Google AdSense Datenschutzerkl\u00e4rung<\/strong><br \/>\nWir verwenden auf diese Webseite Google AdSense, dem Anzeigenprogramm der Firma Google Inc. (1600 Amphitheatre Parkway Mountain View, CA 94043, USA). Dabei werden Daten zu den angezeigten Werbemitteln und Ihre IP-Adresse m\u00f6glicherweise an Server in die USA \u00fcbermittelt und dort ausgewertet. In AdSense sollen Cookies bessere Werbung erm\u00f6glichen, die Cookies enthalten keine personalisierten Daten. Google AdSense sendet nach jeder Impression, jedem Klick und jeder anderen Aktivit\u00e4t, die zu einem Aufruf der Google Adsense-Server f\u00fchrt, ein Cookie an den Browser. Wenn der Browser das Cookie akzeptiert, wird es dort gespeichert.<br \/>\nDrittanbieter k\u00f6nnen im Rahmen von AdSense unter Umst\u00e4nden Cookies in Ihrem Browser platzieren und auslesen bzw. Web-Beacons verwenden, um Daten zu speichern, die sie durch die Anzeigenbereitstellung auf der Website erhalten. Web Beacons sind kleine Grafiken, die eine Logdatei-Aufzeichnung und eine Logdateianalyse erm\u00f6glichen, die f\u00fcr statistische Auswertungen f\u00fcr das Online-Marketing verwendet werden.<\/p>\n<p><strong>Cookies deaktivieren<\/strong><br \/>\nSie k\u00f6nnen jederzeit Cookies, die sich bereits auf Ihrem Computer befinden, l\u00f6schen oder Cookies deaktivieren. Die Vorgangsweise dazu ist nach Browser unterschiedlich, am besten Sie suchen die Anleitung in Google mit dem Suchbegriff \u201ccookies l\u00f6schen chrome\u201d oder \u201ccookies deaktivieren chrome\u201d im Falle eines Chrome Browsers oder tauschen das Wort \u201cchrome\u201d gegen den Namen Ihres Browsers. Wenn Sie uns generell nicht gestatten, Cookies zu nutzen, d.h. diese per Browsereinstellung deaktivieren, k\u00f6nnen manche Funktionen und Seiten nicht wie erwartet funktionieren.<\/p>\n<p><strong>Personalisierte Werbung deaktivieren<\/strong><br \/>\nWenn Sie ein Google Konto haben, k\u00f6nnen Sie auf der Seite https:\/\/adssettings.google.com\/authenticated personalisierte Werbung deaktivieren. Auch im Falle der Deaktivierung der Personalisierung von Anzeigen sehen Sie m\u00f6glicherweise weiterhin Anzeigen auf der Grundlage von Faktoren wie Ihrem ungef\u00e4hren Standort, der aus Ihrer IP-Adresse abgeleitet wird, dem Browsertyp sowie den k\u00fcrzlich verwendeten Suchbegriffen.<br \/>\nWelche Daten von Google erfasst werden und wof\u00fcr diese Daten verwendet werden, k\u00f6nnen Sie auf https:\/\/www.google.com\/intl\/de\/policies\/privacy\/ nachlesen.<\/p>\n<p><strong>Verwendung von eingegebenen personenbezogenen Daten<\/strong><br \/>\nWenn Funktionalit\u00e4ten unserer Website genutzt werden, die die Eingabe personenbezogener Daten erfordern, wird mit der Eingabe der Daten grunds\u00e4tzlich Zustimmung erteilt, dass wir diese Daten zu dem Zweck, f\u00fcr den sie eingegeben wurden, elektronisch verwenden d\u00fcrfen. Personenbezogene Daten werden von uns elektronisch erfasst, wenn mittels Ausf\u00fcllens eines Formulars eines der Mitmach-Angebote in Anspruch genommen wird, im Speziellen<br \/>\n\u2022 eine Unterst\u00fctzungserkl\u00e4rung abgegeben wird,<br \/>\n\u2022 Inhalte eingesendet, bewertet, oder kommentiert werden,<br \/>\n\u2022 an einem Voting teilgenommen wird,<br \/>\n\u2022 ein Petitionsbrief versendet wird,<br \/>\n\u2022 eine eigene Kampagne gestartet wird,<br \/>\n\u2022 die Teilnahme an Aktionen\/Veranstaltungen bekannt gegeben wird,<br \/>\n\u2022 Veranstaltungen erstellt werden,<br \/>\n\u2022 ein User-Account angelegt wird,<br \/>\n\u2022 Downloads oder andere Inhalte angefordert werden,<br \/>\n\u2022 uns weitere optionale Informationen zur Verf\u00fcgung gestellt werden.<br \/>\nAbh\u00e4ngig davon, welche Funktionalit\u00e4ten unserer Webseite genutzt und welche Daten preisgegeben werden, werden folgende Daten gespeichert: Vorname, Nachname, Geburtsdatum, Geschlecht, Foto, Adresse, E-Mail, Telefonnummer, Registrierungsdatum, Benutzername, Passwort, an welchen Aktionen teilgenommen wurde, welche Aktivit\u00e4ten gesetzt wurden.<\/p>\n<p>Stand 01.01.2020[\/vc_column_text][\/vc_column][\/vc_row]<\/p>\n","protected":false},"excerpt":{"rendered":"<p>[vc_row][vc_column][vc_column_text]Wir haben diese Datenschutzerkl\u00e4rung verfasst, um Ihnen gem\u00e4\u00df den Vorgaben der EU-Datenschutz-Grundverordnung zu erkl\u00e4ren, welche Informationen wir sammeln, wie wir Daten verwenden und welche Entscheidungsm\u00f6glichkeiten Sie als Besucher dieser Webseite haben. Leider liegt es in der Natur der Sache, dass diese Erkl\u00e4rungen sehr technisch klingen. Wir haben uns bei der Erstellung jedoch bem\u00fcht, die wichtigsten [&hellip;]<\/p>\n","protected":false},"author":1,"featured_media":0,"parent":0,"menu_order":0,"comment_status":"closed","ping_status":"closed","template":"","meta":{"footnotes":""},"class_list":["post-6914","page","type-page","status-publish","hentry"],"_links":{"self":[{"href":"https:\/\/teamhcstrache.at\/index.php\/wp-json\/wp\/v2\/pages\/6914"}],"collection":[{"href":"https:\/\/teamhcstrache.at\/index.php\/wp-json\/wp\/v2\/pages"}],"about":[{"href":"https:\/\/teamhcstrache.at\/index.php\/wp-json\/wp\/v2\/types\/page"}],"author":[{"embeddable":true,"href":"https:\/\/teamhcstrache.at\/index.php\/wp-json\/wp\/v2\/users\/1"}],"replies":[{"embeddable":true,"href":"https:\/\/teamhcstrache.at\/index.php\/wp-json\/wp\/v2\/comments?post=6914"}],"version-history":[{"count":8,"href":"https:\/\/teamhcstrache.at\/index.php\/wp-json\/wp\/v2\/pages\/6914\/revisions"}],"predecessor-version":[{"id":7050,"href":"https:\/\/teamhcstrache.at\/index.php\/wp-json\/wp\/v2\/pages\/6914\/revisions\/7050"}],"wp:attachment":[{"href":"https:\/\/teamhcstrache.at\/index.php\/wp-json\/wp\/v2\/media?parent=6914"}],"curies":[{"name":"wp","href":"https:\/\/api.w.org\/{rel}","templated":true}]}}